ime factors of 2417469663.
3, 7, 115117603
List the prime factors of 58402114.
2, 29, 1006933
List the prime factors of 141084687.
3, 277, 169777
What are the prime factors of 33238220?
2, 5, 19, 23, 3803
List the prime factors of 70529203.
70529203
What are the prime factors of 196178411?
11, 13, 105529
What are the prime factors of 87717892?
2, 17, 1289969
List the prime factors of 189626696.
2, 7, 3386191
What are the prime factors of 186413731?
7, 19, 1401607
What are the prime factors of 928197678?
2, 3, 154699613
What are the prime factors of 585595808?
2, 7, 19, 137593
List the prime factors of 2118811074.
2, 3, 89, 3967811
What are the prime factors of 198460057?
17, 347, 1979
List the prime factors of 159835054.
2, 17, 4701031
What are the prime factors of 40293130?
2, 5, 67, 60139
What are the prime factors of 223077088?
2, 13, 536243
What are the prime factors of 210210047?
210210047
What are the prime factors of 947158161?
3, 315719387
List the prime factors of 1978039366.
2, 29, 281, 121367
What are the prime factors of 76641326?
2, 19, 2016877
What are the prime factors of 1518904190?
2, 5, 113, 1344163
List the prime factors of 104612249.
7, 43, 367, 947
What are the prime factors of 30637562?
2, 251, 61031
What are the prime factors of 720871161?
3, 211, 229, 4973
List the prime factors of 482221008.
2, 3, 41, 81677
What are the prime factors of 5256239314?
2, 37, 2293, 30977
List the prime factors of 621137795.
5, 43, 2889013
List the prime factors of 203445527.
29, 7015363
List the prime factors of 617249110.
2, 5, 61724911
What are the prime factors of 1014000082?
2, 507000041
List the prime factors of 162409346.
2, 11, 47, 109, 131
What are the prime factors of 124333703?
13, 691, 13841
What are the prime factors of 101366117?
101366117
List the prime factors of 163242823.
17, 83, 115693
List the prime factors of 6057032494.
2, 3028516247
List the prime factors of 1962558923.
13, 150966071
What are the prime factors of 1679310050?
2, 5, 11, 3053291
List the prime factors of 56892527.
56892527
List the prime factors of 36992969.
13, 17, 73, 2293
List the prime factors of 3511796.
2, 877949
List the prime factors of 99162799.
99162799
List the prime factors of 209635873.
19, 11033467
List the prime factors of 7561500117.
3, 127, 3923, 5059
List the prime factors of 2923632239.
11, 17, 19, 179, 4597
List the prime factors of 95977294.
2, 7, 179, 38299
List the prime factors of 1829148251.
7, 1879, 139067
List the prime factors of 128687081.
47, 107, 25589
What are the prime factors of 122021313?
3, 40673771
List the prime factors of 25577130.
2, 3, 5, 29, 29399
What are the prime factors of 1696154762?
2, 848077381
List the prime factors of 214003171.
214003171
List the prime factors of 56718872.
2, 7, 257, 563
What are the prime factors of 185921460?
2, 3, 5, 19, 18121
List the prime factors of 76052562.
2, 3, 53, 311, 769
List the prime factors of 281539517.
7, 1933, 20807
What are the prime factors of 1411564198?
2, 11, 4639, 13831
List the prime factors of 9929498.
2, 463, 10723
What are the prime factors of 190024450?
2, 5, 7, 11, 641
What are the prime factors of 490198176?
2, 3, 13, 19, 2297
List the prime factors of 429833688.
2, 3, 89, 201233
List the prime factors of 5023661599.
11, 47, 9716947
List the prime factors of 25559621.
53, 277, 1741
What are the prime factors of 42486223?
13, 19, 172009
What are the prime factors of 3847197339?
3, 569, 751259
What are the prime factors of 96290242?
2, 59, 816019
List the prime factors of 58113739.
383, 151733
What are the prime factors of 796162221?
3, 941, 94009
What are the prime factors of 16020835?
5, 691, 4637
What are the prime factors of 55557963?
3, 2179, 2833
List the prime factors of 54976396.
2, 197, 69767
What are the prime factors of 24782855?
5, 17, 291563
List the prime factors of 1039202172.
2, 3, 28866727
What are the prime factors of 288287999?
89, 3239191
What are the prime factors of 28282134?
2, 3, 23, 29, 37, 191
List the prime factors of 154383596.
2, 17, 31, 73237
List the prime factors of 112532390.
2, 5, 11253239
List the prime factors of 1168665766.
2, 2677, 218279
List the prime factors of 39981720.
2, 3, 5, 29, 11489
List the prime factors of 32485854.
2, 3, 271, 19979
What are the prime factors of 660282472?
2, 82535309
What are the prime factors of 48357833?
2221, 21773
What are the prime factors of 613669455?
3, 5, 7, 61, 109, 293
List the prime factors of 190575520.
2, 5, 1191097
What are the prime factors of 107314400?
2, 5, 53, 2531
List the prime factors of 268514047.
83, 3235109
What are the prime factors of 227911393?
23, 9909191
List the prime factors of 214353413.
29, 97, 181, 421
What are the prime factors of 6076290575?
5, 3137, 77479
What are the prime factors of 431687562?
2, 3, 17, 19, 29, 7681
List the prime factors of 43869954.
2, 3, 7311659
What are the prime factors of 762936413?
762936413
What are the prime factors of 1048551463?
29, 1303, 27749
What are the prime factors of 1542326231?
151, 1553, 6577
What are the prime factors of 348611580?
2, 3, 5, 645577
List the prime factors of 48677712.
2, 3, 47, 21577
What are the prime factors of 644063059?
29, 22209071
List the prime factors of 132717064.
2, 16589633
What are the prime factors of 1078407830?
2, 5, 41, 73, 137, 263
What are the prime factors of 292165038?
2, 3, 11, 463, 3187
What are the prime factors of 59582630?
2, 5, 5958263
What are the prime factors of 1253090454?
2, 3, 7, 11, 2712317
What are the prime factors of 1009659716?
2, 13, 17, 67, 17047
What are the prime factors of 44505861?
3, 14835287
List the prime factors of 608085353.
4937, 123169
List the prime factors of 79327152.
2, 3, 59, 9337
What are the prime factors of 1534830254?
2, 767415127
List the prime factors of 1822905162.
2, 3, 13, 865577
List the prime factors of 129922265.
5, 11, 911, 2593
List the prime factors of 54265130.
2, 5, 5426513
What are the prime factors of 6350643?
3, 13, 37, 163
What are the prime factors of 470175040?
2, 5, 397, 3701
List the prime factors of 4810507532.
2, 41, 29332363
List the prime factors of 76779750.
2, 3, 5, 23, 4451
What are the prime factors of 80683042?
2, 11, 101, 3301
What are the prime factors of 1125790291?
1125790291
What are the prime factors of 1658804010?
2, 3, 5, 55293467
List the prime factors of 246039454.
2, 47, 181, 14461
What are the prime factors of 27238737?
3, 43, 211153
List the prime factors of 30708048.
2, 3, 7, 91393
List the prime factors of 39668777.
39668777
What are the prime factors of 25204665?
3, 5, 23, 43, 1699
What are the prime factors of 30367620?
2, 3, 5, 113, 1493
What are the prime factors of 4011096080?
2, 5, 19, 2638879
List the prime factors of 282950760.
2, 3, 5, 2357923
List the prime factors of 538412839.
5407, 99577
What are the prime factors of 1146050379?
3, 19, 6702049
List the prime factors of 877121808.
2, 3, 479, 38149
What are the prime factors of 7428330523?
17, 436960619
What are the prime factors of 137150464?
2, 11, 761
List the prime factors of 1223387192.
2, 41, 521, 7159
What are the prime factors of 194912663?
11, 229, 77377
List the prime factors of 693835483.
11, 19, 337, 9851
What are the prime factors of 521499114?
2, 3, 541, 17851
What are the prime factors of 347014961?
23, 31, 486697
List the prime factors of 511233324.
2, 3, 7, 1429, 4259
What are the prime factors of 298397659?
7, 42628237
What are the prime factors of 1407702921?
3, 2843, 165049
List the prime factors of 7674385683.
3, 73, 643, 54499
What are the prime factors of 1818657409?
19, 101, 947711
What are the prime factors of 4701257339?
23, 137, 1491989
List the prime factors of 528756735.
3, 5, 13, 2711573
List the prime factors of 199707341.
73, 2735717
What are the prime factors of 2863272828?
2, 3, 13, 18354313
List the prime factors of 271110010.
2, 5, 27111001
What are the prime factors of 6824110?
2, 5, 682411
List the prime factors of 95118991.
11, 8647181
What are the prime factors of 913860617?
59, 1187, 13049
List the prime factors of 27124439.
487, 55697
What are the prime factors of 898043822?
2, 13, 34540147
What are the prime factors of 28812208?
2, 19, 94777
List the prime factors of 274956780.
2, 3, 5, 7